24*n - 12 = 618*n. Let q(g) = -8*g. What is q(n)?
-16
Let d(o) = o + 1304 - 1313 - 2*o. Determine d(-13).
4
Suppose -44*c + 280 = -28. Let h(x) = -x**2 + 6*x + 6. Give h(c).
-1
Suppose -12 = -9*o + 6. Let c(k) = k**3 + k**2 + k. Let m(p) = 3*p**3 - p**2 + 5*p - 2. Let q(h) = -2*c(h) + m(h). Give q(o).
0
Suppose 162*r + 155 + 169 = 0. Let j(y) = -4 - 7*y + 3 - 2. Calculate j(r).
11
Let n(z) be the second derivative of 0 + 0*z**3 - 1/60*z**5 + 1/720*z**6 - 8*z + 2/3*z**4 + 0*z**2. Let u(i) be the third derivative of n(i). What is u(-4)?
-6
Let d(h) be the first derivative of h**7/840 + 7*h**6/360 - 7*h**5/120 + 5*h**4/24 + 2*h**3/3 + 2. Let c(j) be the third derivative of d(j). Determine c(-8).
-3
Let y = 310 + -315. Let a(g) = -5 + 3*g + 4*g + g**2 + 2*g - 4*g. Determine a(y).
-5
Let o(t) be the second derivative of -t**6/120 + t**5/15 - t**4/8 - t**3/2 - 11*t**2 + 26*t. Let s(g) be the first derivative of o(g). Give s(3).
-3
Let z(d) be the second derivative of -d**6/720 - d**5/24 + 5*d**4/4 + 39*d. Let x(m) be the third derivative of z(m). What is x(-6)?
1
Let u = -13 + 21. Let h(y) be the first derivative of y**5/20 - 2*y**4/3 + y**3/3 - 9*y**2/2 - 34*y - 2. Let j(m) be the first derivative of h(m). What is j(u)?
7
Let f(c) = -7*c + 1. Let b be 3*23/24 - (-48)/384. What is f(b)?
-20
Let q(d) = -d + 3. Let x be (-6)/2 - 210/(-7). Let g = -36 + x. Let b be (-1 + g)/(0 - 2). Determine q(b).
-2
Let d(y) be the first derivative of -1 - 1/3*y**3 - 3*y - 7/2*y**2. Let v(x) = -x - 19. Let w be v(-14). What is d(w)?
7
Suppose 4*a - g = 79, 0*a = -a + g + 22. Suppose -t - 4*t = 2*b - 23, -a = -4*t - b. Suppose -1 = -4*o + t*h + 5, -2 = -h. Let i(c) = c + 1. Calculate i(o).
5
Suppose -12*k + 372 = -6*k. Let b(w) = k + 9*w**3 - 27 - 34. Let l be -1*(2 - (2 - -1)). What is b(l)?
10
Let d(a) = -2*a**3 + 3*a**2 + 3*a + 1. Suppose 2*v - 171 = -165. Calculate d(v).
-17
Suppose -11*w = 6*w - 34. Let z(m) = -2 - 2*m**2 + 3*m**2 - 3*m + 5. What is z(w)?
1
Let o(s) = 2*s - 33. Suppose -4*n + n + 4*l = -41, -30 = -2*n + 2*l. Let y be o(n). Let t(f) = -f**3 + 5*f**2 - f - 1. Calculate t(y).
-6
Let c be 27/18 + (-1)/(-2). Let l(i) = -41 + 21 + 14 + c*i - i. Determine l(-7).
-13
Let s(a) = -6*a**3 + 2*a**2 - 1. Let c be s(1). Suppose 3*i - 24 = i - 5*t, -2*t = -2*i - 4. Let d(k) = 34 - 6*k**2 + k**i - 31 - k**3. What is d(c)?
3
Let y = -214 + 214. Let w(n) = -2*n - 10. Let g be w(-7). Suppose 0*d - d + g = y. Let i(o) = -o**3 + 6*o**2 - 6*o + 3. Calculate i(d).
11
Let r be ((-1 - -2) + -1)/((-33)/11). Let z(p) = p**2 + p + 12. What is z(r)?
12
Suppose 0 = 44*r + 18*r - 186. Let b(z) be the second derivative of -z**5/20 + z**4/3 - 2*z**3/3 + 2*z**2 + 2*z. Give b(r).
1
Let s(u) = 6*u + 3*u**2 - 3*u - 2*u**2 - 6. Let t(o) = 3*o**3 + 26*o**2 - 41*o - 15. Let v be t(-10). Calculate s(v).
4
Suppose -10 - 5 = -2*p - 5*z, -3*z + 3 = 0. Let m(n) = n**3 + n**2 - 28*n - 23*n + p + 50*n. Give m(0).
5
Let f(o) = 3*o**2 + 9*o - 49. Let v(s) = -s**2 - 3*s + 17. Let y(r) = -6*f(r) - 17*v(r). Suppose -5*p - 32 - 18 = 5*h, 0 = -4*p - 20. What is y(h)?
-5
Let x(g) be the second derivative of g**5/20 + g**4/12 + g**3/6 - 3*g**2 - 92*g. Determine x(0).
-6
Let x(b) = 1 + 9*b + 0*b + 0*b. Let z be 370/(-222)*6/10. Give x(z).
-8
Let r(p) = p + 7. Let o = -12 + 8. Let n be (o/(-12))/((-1)/(-3)). Let z be n + 3/(3/(-7)). Determine r(z).
1
Let u(x) = 34 + 39 - 32*x - 73. Determine u(-1).
32
Suppose -7 = i + 5*q, -3*q - 13 = -i + 2*q. Suppose -i*t - 8 = -2*d - 30, -5*t + 26 = -2*d. Let r(z) = 2*z + 11. Determine r(d).
-5
Let t be 1/(-6) + 2091/(-306). Let s(y) = -y**2 - 7*y + 9. Determine s(t).
9
Let y(p) = 3*p**2 - 22*p + 23. Let t(n) = n**2 - 7*n + 8. Let v(k) = 8*t(k) - 3*y(k). Let h be 2/10 - 528/(-60). Give v(h).
4
Suppose w = -3*u - 21, -9*w - u = -8*w + 11. Let a(t) = -t**3 - 8*t**2 - 9*t - 3. What is a(w)?
-21
Suppose -3*m = m - 24. Let c = m + -4. Let w(t) = c - t - 3*t**2 + t**2 - 1 + t**3 + 2*t. What is w(2)?
3
Suppose 1 = -a + 3, 38 = 5*b - a. Let w(i) be the first derivative of -i**4/4 + 7*i**3/3 + 3*i**2 + 8*i - 56. What is w(b)?
-8
Let n(l) = -4*l + 1. Let j = 301 - 306. Give n(j).
21
Let i(q) = q**2 + 3*q - 1. Let u be i(-4). Let k(z) = u*z**2 - 14*z**2 + 50*z**3 - 6 + 11*z - 49*z**3. What is k(10)?
4
Let h = 142 + -137. Let o(c) be the second derivative of c**3/6 - 5*c**2/2 + 2*c. Give o(h).
0
Suppose 0 = -5*l - 0*l + 15. Suppose -2*n + l = -5*n. Let q(r) = -6*r**2 - r - 1. Calculate q(n).
-6
Suppose 0 = -a - 2*a + 6. Suppose -a*y - 8 = -0. Let l(q) = -4*q + 2*q + 3 + 6*q. Determine l(y).
-13
Suppose 3*k + 45 = -6*k. Let f(v) = -v**2 - 8*v - 8. Determine f(k).
7
Suppose 3*x + 4 = -4*b + 13, -5*x = 5. Let v(d) be the third derivative of 2/3*d**3 + 0*d + 0 - b*d**2 + 1/24*d**4. Determine v(-4).
0
Let a(w) = -w**3 - 4*w**2 + w - 6. Suppose -4*l = -3*o - 37, -5*o - 3 = -l + 2. Let y = 5 - l. Let g = 0 + y. What is a(g)?
14
Suppose -2 = -o - 1. Let a(s) = 4*s + 2 - 9 + o. Suppose -3*f + 4 = 2*k, 2*k = f + 1 - 13. Determine a(f).
10
Let q(y) = 2*y**2 + 16*y + 10. Let p(x) = -x**2 - 12*x - 34. Let t be p(-9). Give q(t).
-4
Let f(g) be the third derivative of g**7/2520 - g**6/720 - g**5/40 - 19*g**4/24 - 20*g**2. Let l(o) be the second derivative of f(o). Calculate l(3).
3
Let g(s) = s**2 + 4*s - 5. Let c be (0 + 5)*-1 - -1. What is g(c)?
-5
Suppose q + 12 = 3*q. Let u be -2 + q + 0/3. Let b(d) = -37 - d**3 + 38 + u*d**2 - d - d**2 + 2*d. Calculate b(3).
4
Let u(y) = -7*y - 2. Let r = -468 - -470. Give u(r).
-16
Suppose 0 = 768*g - 757*g + 77. Let t(f) = 7*f + 4*f**3 - 6*f**2 + 6 - 2*f**3 - 3*f**3. What is t(g)?
6
Let t(a) be the first derivative of -a**5/30 + a**4/8 - 11*a**2/2 - 2. Let d(p) be the second derivative of t(p). What is d(4)?
-20
Suppose -2*s - 2 = -3*l, -7*s + 3*l + 13 = -2*s. Let d(f) = -f**3 + 5*f**2 - 2*f + 7. Give d(s).
-3
Let u(m) be the third derivative of 0 - 6*m**2 + 7/6*m**3 + 0*m - 1/8*m**4 - 1/60*m**5. Suppose 2*f + 3 = -7. Give u(f).
-3
Let h(n) = 15*n**2 - 211*n + 12. Let z be h(14). Let x(t) = -3 - 2*t**2 + 2 + t + 3*t**2. What is x(z)?
1
Suppose -4*u + 150 = -29*u. Let g(s) = -s**3 - 6*s**2 - 8*s - 7. Give g(u).
41
Let c(l) be the first derivative of -2*l**2 - 5*l - 5. What is c(-4)?
11
Let u(b) = 2*b**2 + b + 1. Suppose -5 = 2*i - 5*o, 2*i - 5 = i - 5*o. Let h be (-3 - i) + 2 + -1. Determine u(h).
7
Let a(v) = -2*v - 2. Let y(i) be the first derivative of -i**2 + 7*i + 2. Let m be y(3). Suppose 7 - m = -3*x. Calculate a(x).
2
Let o = -986 + 982. Let q(j) = j**3 + 4*j**2 - j + 4. Determine q(o).
8
Let r(t) = -12*t + 17. Let s(y) = 7*y - 7. Let b(f) = 6*r(f) + 11*s(f). What is b(-4)?
5
Let v(o) = 6*o**3 + o + 2. Suppose -8 = -4*i - 4*p, 5*i = 3*p - 0*p - 14. Determine v(i).
-5
Let u(m) = m**3 + 5*m**2 - 7*m - 6. Let c = 222 + -228. Give u(c).
0
Let r(s) be the second derivative of -1/3*s**3 - 11*s - 1/2*s**2 + 0. Give r(4).
-9
Let v(p) = 50*p + 13. Let i(r) = r + 3. Let d(j) = 4*i(j) - v(j). Give d(-1).
45
Let s(g) = -g**3 + 2*g**2 + 2*g + 4. Let w(o) = -3*o**3 + 60 - 47 + 5*o**2 - 6*o + 13*o. Let i(k) = -7*s(k) + 2*w(k). Determine i(4).
-2
Let f(h) = -7*h - 4*h + 11*h - 3*h. Let q be f(-2). Suppose 4*n = 5*w - q, -n = 2*w + 1 + 7. Let a(k) = 2*k**3 + 4*k**2 + 3*k. Give a(w).
-6
Let m(r) = -r**3 + 2*r**2 + 30*r - 79. Let o be m(3). Let w(u) = u**2 - u - 1. Determine w(o).
1
Let a(b) = b**3 + 13*b**2 - 14*b + 7. Let h be a(-14). Let r(v) = -h - 1 + 2 + 3*v. Let c(k) = k**2 + 8*k - 4. Let g be c(-9). Give r(g).
9
Let x(l) = l - 5. Let t(p) = -p**2 - 21*p + 35. Let u be t(-23). What is x(u)?
-16
Let t(j) = j**3 + 12*j**2 - 26*j + 20. Let r = 382 - 396. What is t(r)?
-8
Let a(i) = -25*i - 1. Let w = 372 - 371. Give a(w).
-26
Let n(s) = s**3 - 8*s**2 - 9*s - 6. Let m be n(9). Let c(x) = -5 + 6 + x**2 - 3 + x + 3*x. What is c(m)?
10
Let g(b) = -3*b - 4. Let d(u) = 4*u + 5. Let a(c) = -2*d(c) - 3*g(c). Determine a(-3).
-1
Suppose 3*c - 24 = -4*u + 20, 5*u + 15 = 5*c. Suppose 5*x + 36 = -4*i, -3*x + 8*i + c = 3*i. Let d(g) = g**3 + 3*g**2 + g. Calculate d(x).
-20
Suppose 2*w - 3*y - 9 = 0, 0 = -w + 3*y + y - 3. Suppose 2*z = w - 13. Let s(c) = c**3 - c**2 + c + 2. What is s(z)?
-12
Suppose 0 = -3*h + 9, -s - 9 = -h - 2*h. Let v(w) = -3*w + 2 + 0 - 9 + s. Let 